ds digit of 98061?
8
What is the ten thousands digit of 330196?
3
What is the hundreds digit of 8847897?
8
What is the hundred thousands digit of 43104787?
1
What is the hundreds digit of 566197?
1
What is the hundred thousands digit of 321157?
3
What is the ten thousands digit of 2192575?
9
What is the hundreds digit of 579895?
8
What is the millions digit of 31076822?
1
What is the ten thousands digit of 227408?
2
What is the millions digit of 4493954?
4
What is the thousands digit of 12376?
2
What is the millions digit of 17478243?
7
What is the hundreds digit of 265610?
6
What is the units digit of 1448784?
4
What is the millions digit of 3244843?
3
What is the units digit of 183132?
2
What is the hundreds digit of 203902?
9
What is the tens digit of 668299?
9
What is the tens digit of 6511?
1
What is the hundred thousands digit of 118138?
1
What is the thousands digit of 9325?
9
What is the units digit of 120987?
7
What is the units digit of 217823?
3
What is the units digit of 190880?
0
What is the ten millions digit of 19867131?
1
What is the millions digit of 3129927?
3
What is the ten thousands digit of 2086878?
8
What is the tens digit of 443631?
3
What is the units digit of 1036135?
5
What is the hundred thousands digit of 533925?
5
What is the hundreds digit of 111257?
2
What is the hundreds digit of 6453775?
7
What is the thousands digit of 112509?
2
What is the units digit of 20015691?
1
What is the millions digit of 4716289?
4
What is the units digit of 206972?
2
What is the units digit of 14840954?
4
What is the thousands digit of 7841723?
1
What is the tens digit of 165867?
6
What is the units digit of 22959864?
4
What is the hundreds digit of 3065865?
8
What is the tens digit of 648979?
7
What is the thousands digit of 202025?
2
What is the tens digit of 3024008?
0
What is the units digit of 4752202?
2
What is the thousands digit of 174331?
4
What is the hundreds digit of 322775?
7
What is the units digit of 6022181?
1
What is the hundred thousands digit of 176988?
1
What is the tens digit of 420408?
0
What is the units digit of 87487?
7
What is the ten thousands digit of 4819633?
1
What is the hundreds digit of 2104687?
6
What is the millions digit of 7848243?
7
What is the units digit of 994187?
7
What is the hundreds digit of 14114164?
1
What is the tens digit of 765843?
4
What is the hundreds digit of 64213?
2
What is the hundred thousands digit of 1762542?
7
What is the thousands digit of 259462?
9
What is the millions digit of 1459961?
1
What is the millions digit of 13336824?
3
What is the hundred thousands digit of 1419103?
4
What is the ten millions digit of 10517721?
1
What is the ten thousands digit of 2752118?
5
What is the hundred thousands digit of 2170250?
1
What is the tens digit of 563601?
0
What is the units digit of 1122819?
9
What is the ten thousands digit of 511990?
1
What is the thousands digit of 62644?
2
What is the hundred thousands digit of 1742201?
7
What is the units digit of 378944?
4
What is the hundred thousands digit of 1132057?
1
What is the ten thousands digit of 772107?
7
What is the hundreds digit of 390061?
0
What is the hundred thousands digit of 7023356?
0
What is the thousands digit of 801868?
1
What is the tens digit of 71001?
0
What is the millions digit of 7264346?
7
What is the millions digit of 2042024?
2
What is the hundred thousands digit of 138696?
1
What is the ten thousands digit of 9460325?
6
What is the hundreds digit of 6363962?
9
What is the tens digit of 953687?
8
What is the ten thousands digit of 567124?
6
What is the thousands digit of 22089052?
9
What is the units digit of 483416?
6
What is the units digit of 24182259?
9
What is the millions digit of 3202328?
3
What is the hundred thousands digit of 4949874?
9
What is the hundreds digit of 1955591?
5
What is the thousands digit of 350456?
0
What is the thousands digit of 2614390?
4
What is the ten thousands digit of 1707020?
0
What is the ten thousands digit of 1558706?
5
What is the ten thousands digit of 3914494?
1
What is the hundreds digit of 211440?
4
What is the units digit of 6620652?
2
What is the thousands digit of 7690559?
0
What is the units digit of 17602783?
3
What is the ten thousands digit of 40882?
4
What is the units digit of 2161911?
1
What is the millions digit of 4913875?
4
What is the units digit of 3827379?
9
What is the hundred thousands digit of 136348?
1
What is the millions digit of 4731697?
4
What is the ten thousands digit of 102487?
0
What is the tens digit of 3353426?
2
What is the units digit of 6478683?
3
What is the hundred thousands digit of 877905?
8
What is the tens digit of 3459345?
4
What is the hundred thousands digit of 125866?
1
What is the tens digit of 5780662?
6
What is the thousands digit of 9031246?
1
What is the units digit of 21370452?
2
What is the hundreds digit of 332088?
0
What is the ten thousands digit of 233520?
3
What is the ten thousands digit of 521270?
2
What is the units digit of 316846?
6
What is the tens digit of 953525?
2
What is the tens digit of 12817429?
2
What is the thousands digit of 2252378?
2
What is the thousands digit of 511447?
1
What is the thousands digit of 332601?
2
What is the tens digit of 356801?
0
What is the hundreds digit of 5371139?
1
What is the tens digit of 16685118?
1
What is the millions digit of 14382003?
4
What is the thousands digit of 178451?
8
What is the ten thousands digit of 28289?
2
What is the hundred thousands digit of 1061993?
0
What is the millions digit of 2009242?
2
What is the thousands digit of 431061?
1
What is the millions digit of 29183603?
9
What is the hundred thousands digit of 397485?
3
What is the thousands digit of 673024?
3
What is the hundreds digit of 17918437?
4
What is the hundreds digit of 18048916?
9
What is the tens digit of 29380?
8
What is the ten thousands digit of 68441?
6
What is the thousands digit of 9235380?
5
What is the hundreds digit of 21556?
5
What is the thousands digit of 487491?
7
What is the units digit of 10622682?
2
What is the millions digit of 2395795?
2
What is the millions digit of 1165107?
1
What is the hundreds digit of 164648?
6
What is the units digit of 6787687?
7
What is the units digit of 6178217?
7
What is the units digit of 655934?
4
What is the thousands digit of 294663?
4
What is the hundred thousands digit of 11159335?
1
What is the ten thousands digit of 947151?
4
What is the units digit of 272557?
7
What is the hundreds digit of 101145?
1
What is the millions digit of 20927721?
0
What is the hundreds digit of 2069661?
6
What is the tens digit of 6992083?
8
What is the ten millions digit of 30857419?
3
What is the hundreds digit of 126887?
8
What is the units digit of 332480?
0
What is the hundred thousands digit of 409493?
4
What is the thousands digit of 11530694?
0
What is the units digit of 23215549?
9
What is the hundreds digit of 1452992?
9
What is the thousands digit of 28780550?
0
What is the millions digit of 5703128?
5
What is the ten thousands digit of 4818655?
1
What is the tens digit of 7232375?
7
What is the units digit of 8091917?
7
What is the ten thousands digit of 146607?
4
What is the thousands digit of 14965?
4
What is the hundreds digit of 4855173?
1
What is the tens digit of 134988?
8
What is the thousands digit of 578008?
8
What is the millions digit of 1097128?
1
What is the millions digit of 3607108?
3
What is the units digit of 410068?
8
What is the tens digit of 1613098?
9
What is the tens digit of 787756?
5
What is the tens digit of 45153?
5
What is the millions digit of 2212671?
2
What is the hundred thousands digit of 216046?
2
What is the thousands digit of 3105804?
5
What is the tens digit of 16306097?
9
What is the thousands digit of 5015585?
5
What is the thousands digit of 438393?
8
What is the hundred thousands digit of 371056?
3
What is the millions digit of 1980138?
1
What is the hundred thousands digit of 5910060?
9
What is the hundreds digit of 18964393?
3
What is the thousands digit of 4909356?
9
What is the ten thousands digit of 5777464?
7
What is the hundreds digit of 341298?
2
What is the ten thousands digit of 2829144?
2
What is the thousands digit of 283916?
3
What is the ten thousands digit of 58347?
5
What 